 composite number?
True
Is 18343652533 a composite number?
True
Is 122549255 a prime number?
False
Is 1106121833 composite?
False
Is 976418087 prime?
True
Is 107110211 composite?
True
Is 2916225731 a composite number?
True
Is 2370931099 a prime number?
True
Is 32691523 prime?
True
Is 1612563949 composite?
False
Is 205872451 prime?
True
Is 3618706549 a composite number?
True
Is 14377737919 a prime number?
True
Is 7276060093 a composite number?
False
Is 61431986111 composite?
True
Is 235573241 composite?
False
Is 4916871523 composite?
False
Is 2810587489 prime?
False
Is 821791739 a prime number?
False
Is 39861654449 a composite number?
True
Is 224911769 a composite number?
False
Is 8562500293 composite?
True
Is 376383433 composite?
False
Is 484504297 composite?
True
Is 4293931091 a composite number?
True
Is 36629526209 prime?
False
Is 4523310093 a prime number?
False
Is 985807057 a composite number?
False
Is 644493029 a composite number?
True
Is 344944799 prime?
False
Is 51623066081 composite?
False
Is 12294354881 prime?
True
Is 26114889041 a composite number?
False
Is 119803061509 composite?
False
Is 1955156617 composite?
False
Is 1189754409 a prime number?
False
Is 39644001583 prime?
False
Is 50671153957 a prime number?
True
Is 507784987 a composite number?
False
Is 20404140971 a composite number?
False
Is 987397733 a composite number?
True
Is 1313421199 composite?
True
Is 187084631 prime?
True
Is 2483288741 a composite number?
False
Is 452593157 a composite number?
False
Is 13657285319 composite?
True
Is 14127568963 a prime number?
True
Is 13451527613 a composite number?
False
Is 3545027203 a prime number?
False
Is 902931037733 a prime number?
True
Is 117032767 a prime number?
False
Is 1868554103 a composite number?
True
Is 3551722253 composite?
True
Is 596539037 prime?
True
Is 35817537611 prime?
True
Is 157859227 prime?
True
Is 36965271313 a composite number?
False
Is 55654763 composite?
False
Is 88529149457 composite?
True
Is 1363316287 a composite number?
False
Is 507429431 a prime number?
True
Is 2616546329 a composite number?
True
Is 36267269 prime?
True
Is 111356333281 composite?
True
Is 6285487 a composite number?
True
Is 9582679673 a composite number?
True
Is 509921833 composite?
False
Is 4842013147 composite?
True
Is 18909698917 a composite number?
False
Is 16683260665 a composite number?
True
Is 68551758227 composite?
True
Is 16330969763 a prime number?
True
Is 181679119 composite?
True
Is 233375869 a composite number?
True
Is 657142537 a composite number?
False
Is 1586927894 prime?
False
Is 928101871 a prime number?
False
Is 190710979 prime?
False
Is 15599616821 a prime number?
False
Is 985593599 a prime number?
False
Is 690161893 a prime number?
True
Is 5353068263 a composite number?
False
Is 1454762821 a prime number?
False
Is 10526338421 prime?
False
Is 325370798447 composite?
False
Is 2916868489 composite?
True
Is 18592241957 composite?
True
Is 14344478983 a prime number?
True
Is 6230559679 composite?
True
Is 92192587 a prime number?
True
Is 1937172371 prime?
True
Is 17671439 a prime number?
False
Is 22386384523 a prime number?
False
Is 73009162 prime?
False
Is 2957371639 a composite number?
True
Is 107081230453 composite?
True
Is 364589051 prime?
True
Is 22574118029 composite?
False
Is 54567048889 prime?
False
Is 89836613 prime?
True
Is 19816871293 prime?
True
Is 8368564751 a composite number?
False
Is 17135385793 a composite number?
True
Is 4075257247 prime?
False
Is 137545484002 a prime number?
False
Is 2094383581 composite?
False
Is 661269727 a prime number?
True
Is 710299223 prime?
True
Is 4490403727 composite?
True
Is 824149499 composite?
True
Is 120993494473 prime?
True
Is 4248133001 composite?
True
Is 46769867 composite?
True
Is 22838723027 composite?
False
Is 230763371 a prime number?
True
Is 3006040799 prime?
False
Is 88065529 composite?
True
Is 3380414915 composite?
True
Is 9832337539 a composite number?
False
Is 650394637 prime?
False
Is 417133177 prime?
True
Is 80338153187 prime?
False
Is 59082911 composite?
False
Is 1763925799 composite?
True
Is 2940080749 prime?
True
Is 6826748681 composite?
False
Is 8004523738 a prime number?
False
Is 307305371 a prime number?
True
Is 154925723 prime?
False
Is 72448050209 prime?
True
Is 81060690407 prime?
True
Is 15804925777 prime?
True
Is 6337109929 a prime number?
True
Is 3998979371 a prime number?
True
Is 9507519473 a composite number?
True
Is 769189961 prime?
False
Is 1633390901 prime?
False
Is 5359852517 a composite number?
True
Is 1769113111 a composite number?
False
Is 38495122357 prime?
True
Is 1090071607 composite?
True
Is 411552599 composite?
False
Is 98233184947 a composite number?
False
Is 5200061279 prime?
False
Is 8022913351 prime?
True
Is 48884636371 a prime number?
False
Is 10077111937 composite?
True
Is 525850439 a composite number?
True
Is 44952905 composite?
True
Is 31383967633 prime?
True
Is 2436227877 a composite number?
True
Is 6781806607 a composite number?
True
Is 706765951 composite?
False
Is 11185269283 composite?
True
Is 297192936113 a composite number?
False
Is 1013455957 a prime number?
False
Is 64598182903 a prime number?
True
Is 406256507 a composite number?
False
Is 970423777 prime?
True
Is 26774221633 a prime number?
False
Is 20852052703 a composite number?
True
Is 704944001 prime?
False
Is 55998233 composite?
False
Is 4998666163 a composite number?
False
Is 1475217299 prime?
True
Is 8958351683 a prime number?
False
Is 99344621 composite?
False
Is 104610288291 a prime number?
False
Is 428899609 composite?
False
Is 49132857971 a prime number?
True
Is 7162305661 a prime number?
False
Is 12388887487 a prime number?
False
Is 1642310927 prime?
False
Is 1082357917 a composite number?
False
Is 83986711217 composite?
False
Is 99792443 a composite number?
True
Is 25717859933 composite?
True
Is 30042821 prime?
False
Is 479225623 composite?
True
Is 15294373067 a composite number?
True
Is 354420259 a prime number?
False
Is 111423050491 a prime number?
True
Is 118481639 a composite number?
False
Is 315760157 a composite number?
False
Is 27948497009 a prime number?
False
Is 9542904277 prime?
False
Is 43598515 a composite number?
True
Is 74928088237 a composite number?
False
Is 612795947 a prime number?
False
Is 129979346689 a composite number?
True
Is 7544755571 composite?
True
Is 79755691 prime?
False
Is 1703794447 a prime number?
True
Is 30816786619 a prime number?
True
Is 30932529457 prime?
True
Is 38235692197 a composite number?
False
Is 346056211 a prime number?
True
Is 66704284631 prime?
False
Is 73178912645 prime?
False
Is 5418273017 a prime number?
False
Is 20102153831 prime?
False
Is 60484719805 composite?
True
Is 2878268459 a composite number?
True
Is 4894598461 a prime number?
False
Is 62670851 composite?
True
Is 62395996339 composite?
True
Is 18601004449 prime?
True
Is 5174628373 composite?
True
Is 1986960557 composite?
False
Is 29939055227 a composite number?
True
Is 799406687 a prime number?
False
Is 258849817 a prime number?
False
Is 1250984527 a prime number?
False
Is 13151680819 composite?
False
Is 11106580363 composite?
True
Is 14753737309 composite?
True
Is 437409799 a prime number?
True
Is 59761842509 a composite number?
False
Is 3062908741 composite?
False
Is 1499268343 a composite number?
True
Is 17599899683 composite?
True
Is 44989171 composite?
False
Is 121746682349 a composite number?
False
Is 2694637447 a prime number?
False
Is 89738624419 prime?
True
Is 311929679 a prime number?
True
Is 887565673 a prime number?
True
Is 37247081 composite?
True
Is 1824691621 prime?
True
Is 1088151557 a composite number?
False
Is 36886456553 a composite number?
True
Is 1144747801 a composite number?
False
Is 812785937 composite?
True
Is 37002477107 a prime number?
False
Is 245612036347 a prime number?
False
Is 62493947599 a composite number?
False
Is 96136607 composite?
True
Is 1545316351 prime?
True
Is 1784644321 prime?
False
Is 4736892311 composite?
False
Is 45513583 a prime number?
True
Is 5787910351 composite?
True
Is 20729278727 prime?
True
Is 77387393729 prime?
False
Is 109697130863 composite?
True
Is 87065693531 a prime number?
True
Is 5035333001 a prime number?
True
Is 2883301646 a composite number?
True
Is 69728036813 composite?
False
Is